 the remainder when 3 is divided by o.
1
Let t(z) = z**2 - 7*z + 8. Calculate the remainder when t(9) is divided by 9.
8
Let i be (-5)/(-2)*24/30. Suppose 0*o - 3*p + 7 = -i*o, 2*o + 4*p = 28. Calculate the remainder when 15 is divided by o.
3
Calculate the remainder when 13 is divided by ((-22)/33 - 1/(-6))*-22.
2
What is the remainder when 10 is divided by (-24)/(-9) + 3/9?
1
Let k be 3 - (1 + 0 + 5). Let m = 0 - k. What is the remainder when 9 is divided by m?
0
Let b(z) be the first derivative of z**4/4 - 11*z**3/3 + 6*z**2 - 7*z - 5. Calculate the remainder when 49 is divided by b(10).
10
Suppose 2*z = 5*b + 138, 5*z - 360 + 77 = -3*b. What is the remainder when z is divided by 3/1*25/5?
14
Suppose -2*w = 2*r - 46, -3*w = 2*r - 5*r - 99. Calculate the remainder when 81 is divided by w.
25
What is the remainder when 25 is divided by (-2 - 5/1)*-2?
11
Suppose -4*h - 3*z + 69 = 0, 2*h - 3 - 19 = -4*z. Calculate the remainder when h is divided by (-1 - -2)/((-5)/(-30)).
3
Let s(g) = -g + 6. Let q be s(6). Suppose q = -4*b + 24. Let j = 11 - b. Calculate the remainder when 14 is divided by j.
4
Let q be 0/((0 + -1)*2). Suppose q = -2*b - 2. Let f = b + 8. What is the remainder when 20 is divided by f?
6
Calculate the remainder when 1*-3 - (-29 - -3) is divided by 4.
3
Let j = 95 - 13. Calculate the remainder when j is divided by 22.
16
Let l(i) = i - 10. Let m be l(8). Calculate the remainder when 19 is divided by (-3)/3 + 13 + m.
9
Calculate the remainder when 49 is divided by 18/6 + (-2 - -16).
15
Let x be (10/8)/(2/(-8)). Let d(i) = -i**3 - 6*i**2 - 3*i + 4. Let t be d(x). Let r(b) = b**2 + 3*b + 4. Calculate the remainder when r(t) is divided by 8.
6
Suppose 4*u - 164 = 80. What is the remainder when u is divided by 22?
17
Suppose 0 = 3*c - 4*h + 3, 3*c = -c - 3*h + 21. Calculate the remainder when 35 is divided by (12/(-7))/(c/(-21)).
11
What is the remainder when (-4)/(-2 - 0)*2 is divided by 1?
0
Calculate the remainder when 98 is divided by (((-144)/(-15))/6)/((-4)/(-50)).
18
Let u be ((-4)/10)/((-1)/(-5)). Suppose -y - 20 = 4*y, 0 = 2*a - y - 78. Calculate the remainder when a is divided by u/(-9) - 230/(-18).
11
Let v(a) be the first derivative of -7*a**2/2 + 3. Suppose -2*s - 3*s - i + 41 = 0, 3*s = -4*i + 28. Calculate the remainder when v(-2) is divided by s.
6
Calculate the remainder when 155/15 + (-2)/(-3) is divided by (-107)/(-15) - (-2)/(-15).
4
Suppose 0 = -3*c + 11*c - 592. Calculate the remainder when c is divided by 21.
11
Let d be (3/(-4))/((-1)/4). Let v = -14 - -18. Suppose 0 = 3*x - 0*x + 2*f - 16, -f = -v*x + d. What is the remainder when 5 is divided by x?
1
Suppose -2*p + 1 + 3 = 0. Suppose 6 = 2*y - 5*k, p*y = -y + 4*k + 9. Calculate the remainder when 4 is divided by y.
1
Let x(w) = -w**3 + 9*w**2 + w + 4. Calculate the remainder when 49 is divided by x(9).
10
Let m(y) = y**2 + 6*y - 3. Suppose 58 = 3*i + q, 2*i + 3*i - 3*q - 92 = 0. What is the remainder when i is divided by m(-7)?
3
Let a(h) = 5*h + 16. Calculate the remainder when 105 is divided by a(4).
33
Let k = -16 + 26. Let q(x) = 2*x**2 - 26*x - 245. Calculate the remainder when q(-7) is divided by k.
5
Suppose -x = -4 - 3. Suppose 3*k + 1 - x = 0. Calculate the remainder when 2 is divided by k.
0
Let s = -173 - -181. What is the remainder when 21 is divided by s?
5
What is the remainder when 23 is divided by 20*3/(-9)*(-54)/45?
7
Suppose 0 = -a + 21 - 5. What is the remainder when a is divided by 9?
7
Suppose -3*s = -11*s + 136. Calculate the remainder when 47 is divided by s.
13
Suppose 4*c - 2 = -3*f + 13, -2*c - 2*f = -8. Suppose 2*i = -2*i + 5*v + 12, 4*v - 40 = -c*i. What is the remainder when i is divided by 5?
3
Let p(n) = n**2 + n. Let i(o) = o**3 + 13*o**2 - 6*o - 11. Let a(b) = i(b) - 5*p(b). Calculate the remainder when 26 is divided by a(-9).
5
Let b(s) = -2*s - 4. Let x be b(-3). Suppose -3*k + 8 + 11 = x*y, -25 = -5*k - 2*y. Calculate the remainder when 4 is divided by k.
1
Let s be ((-7)/14)/(2/(-4)). Let l(a) = -8*a + 1. Let u be l(s). Let m = 15 + u. What is the remainder when 13 is divided by m?
5
Let k(h) = 19*h + 1. Let u(m) = -m**2 - 9*m - 10. Let o be u(-7). What is the remainder when k(o) is divided by 20?
17
Calculate the remainder when ((-4)/6 - 0)*-48 is divided by 7.
4
Suppose -189 = -2*m + 5*i, -208 = -4*m - i + 159. Calculate the remainder when m is divided by 19.
16
Suppose 0*x - 2*x - 252 = 0. What is the remainder when 30 is divided by (-4)/(-16) - x/8?
14
Suppose -2 = -h - 1. Let c be ((-74)/4)/(h/2). Let a = c - -78. Calculate the remainder when a is divided by 14.
13
Let f(t) = t**3 - 3*t**2 - 2*t + 2. What is the remainder when 6/(-21) + (-128)/(-7) is divided by f(4)?
8
Let y = 106 - 45. What is the remainder when y is divided by 16?
13
Let i = 1 + 6. Calculate the remainder when 27 is divided by i.
6
Let y be (4/5)/((-2)/(-5)). Let x = 15 + y. Let f(q) = -q**3 - 8*q**2 - 7*q + 5. What is the remainder when x is divided by f(-7)?
2
Let s(j) = -j + 21. Let h = -30 - -44. What is the remainder when 19 is divided by s(h)?
5
Calculate the remainder when 2*20/(-25)*35/(-1) is divided by 20.
16
Suppose -18*r = -6*r - 204. Calculate the remainder when r is divided by 14.
3
Let y = -2 + 4. Let i(r) = y*r - r + 11 - 8. What is the remainder when i(4) is divided by 3?
1
Let q be -2 + (0 - (11 - -1)). Let y = q - -23. Suppose -3*k = y, 6*k - 3 = -4*i + 3*k. What is the remainder when 5 is divided by i?
2
Suppose j + 2*m - 8 - 10 = 0, -4*m + 52 = 3*j. Calculate the remainder when 79 is divided by j.
15
Let r(o) = o + 2. Suppose -2*p = -x + 4, 2*p + 8 = 5*x - 2*p. Let c = x + 14. What is the remainder when c is divided by r(3)?
4
Suppose 2*x = -0*x - 2*k + 440, -5*k - 889 = -4*x. Calculate the remainder when x is divided by 28.
25
Suppose -6*l - 24 = -9*l. Suppose -105 = -5*n + 215. Suppose f - 4*s - 13 = 17, -3*f + n = s. Calculate the remainder when f is divided by l.
6
Suppose 1 - 10 = 3*o, 0 = 2*d - 3*o - 115. Calculate the remainder when d is divided by 27.
26
Let o(l) = -l**3 + 5*l**2 - 3*l. Suppose 4*p - 12 = -0*p. Calculate the remainder when 35 is divided by o(p).
8
Suppose 2*u + 3*u - 35 = 0. Suppose 3*v = x - 5*x, 24 = 3*v - 4*x. What is the remainder when u is divided by v?
3
Let s be 12/9*(-9)/(-2). What is the remainder when s/(-9)*(-99)/6 is divided by 6?
5
Suppose -5*n = -2*n - 66. What is the remainder when 64 is divided by n?
20
Let m(d) = -7*d + 6. Let l be ((-6)/15)/((-3)/(-75)). Let r be m(l). Suppose 5*g + 0*x = -3*x + r, -4*x - 6 = -g. What is the remainder when g is divided by 5?
4
Let i(f) = -2*f - 3*f**2 + 1 - 4 - f - f**3 + f. Calculate the remainder when i(-3) is divided by 3.
0
What is the remainder when 8 is divided by 24/20*5 - 4?
0
Suppose -4*s + 400 = -2*s. Calculate the remainder when s is divided by 29.
26
Let l(c) = c**2 + 4*c - 11. Let x be 1 - (11 - (0 + 2)). What is the remainder when l(x) is divided by 6?
3
Suppose -93 = -2*a - r, 3*a - 4*r = -6*r + 141. Suppose q + 4*q - a = -d, -4*q = -5*d - 65. Calculate the remainder when 29 is divided by q.
9
Let w be ((-3)/(-4))/(2/24). Let x = w - -3. Suppose -2*a - 21 = -89. What is the remainder when a is divided by x?
10
Let b = -65 - -100. Calculate the remainder when 56 is divided by b.
21
Calculate the remainder when 4 is divided by 130/52 - 2/4*-1.
1
Suppose -1 - 20 = -f. Calculate the remainder when f is divided by 1 - (-13)/(-11) - (-180)/22.
5
Suppose 2*a = 3*a - 7. What is the remainder when a is divided by (-2 - -9) + (1 - 3 - 3)?
1
Suppose 2*i = -i + 45. Calculate the remainder when 43 is divided by i.
13
Let w be 56*(-33)/(-6) - -2. Suppose 3*x = -2*x + w. What is the remainder when x is divided by 21?
20
Suppose u + 2*n = 3, -71 = -2*u - 3*u + 4*n. What is the remainder when 11 is divided by u?
0
Let s = 77 - 44. What is the remainder when 164 is divided by s?
32
Let k = -10 + 10. What is the remainder when (-3 - -1) + k + 31 is divided by 8?
5
Let r = 58 - -8. What is the remainder when r is divided by 17?
15
Let d(n) = -n**2 + 12*n - 1. What is the remainder when 17 is divided by d(11)?
7
Let k = 61 + -109. Let c be (6 - 1)*k/(-15). Suppose -5*s + c = -29. Calculate the remainder when s is divided by 6.
3
Let x = -10 + 12. Let m